n base 10?
32992
34176 (base 8) to base 11
a958
What is -2111020 (base 3) in base 10?
-1815
-100000110110001 (base 2) to base 10
-16817
-33 (base 13) to base 6
-110
1012001 (base 3) to base 12
601
What is 1000001011100100 (base 2) in base 13?
12337
Convert 262a (base 12) to base 6.
32054
-2b0 (base 16) to base 6
-3104
17d (base 16) to base 9
463
Convert -1022000 (base 3) to base 15.
-430
-751 (base 8) to base 5
-3424
What is 73a0 (base 11) in base 9?
14377
Convert -629 (base 10) to base 4.
-21311
1b5 (base 16) to base 4
12311
Convert 404 (base 10) to base 3.
112222
-1323 (base 7) to base 2
-111111011
Convert -256 (base 14) to base 8.
-724
What is 60644 (base 7) in base 14?
5524
Convert -1002101 (base 3) to base 2.
-1100011001
What is -2026 (base 8) in base 10?
-1046
What is 36543 (base 7) in base 15?
2c5c
-3c7 (base 14) to base 9
-1037
-3324 (base 10) to base 3
-11120010
1ab (base 16) to base 3
120211
Convert b6 (base 13) to base 2.
10010101
Convert 690 (base 14) to base 5.
20202
Convert 3021 (base 6) to base 12.
471
11587 (base 10) to base 8
26503
What is 678 (base 14) in base 16?
502
Convert 3423 (base 9) to base 6.
15420
Convert 39543 (base 10) to base 16.
9a77
What is 293a (base 14) in base 6?
53452
What is -2cc2 (base 15) in base 14?
-3720
Convert -165c (base 14) to base 2.
-111110100010
Convert 343555 (base 6) to base 4.
13022333
Convert 120452 (base 7) to base 9.
32858
Convert 1078 (base 13) to base 5.
33141
-303233 (base 4) to base 12
-1abb
Convert 22175 (base 8) to base 13.
4337
What is -63448 (base 9) in base 15?
-c64b
811 (base 9) to base 3
220101
Convert 13024 (base 5) to base 14.
526
What is 8a3 (base 14) in base 15?
791
Convert -b7 (base 12) to base 6.
-351
-454 (base 11) to base 4
-20133
-5058 (base 15) to base 3
-212021002
What is 30a5 (base 15) in base 5?
312110
What is 318 (base 16) in base 14?
408
What is -22011 (base 4) in base 14?
-341
What is -1131 (base 11) in base 16?
-5ce
Convert 101331 (base 4) to base 2.
10001111101
What is -398 (base 10) in base 4?
-12032
What is -2220 (base 4) in base 5?
-1133
What is -985 (base 10) in base 4?
-33121
-102110 (base 3) to base 9
-373
Convert -1013240 (base 5) to base 7.
-66450
-72706 (base 8) to base 4
-13113012
-1330201 (base 5) to base 12
-136ba
Convert 6235 (base 7) to base 9.
2884
What is -112b (base 12) in base 10?
-1907
Convert -968 (base 13) to base 11.
-1231
-1348 (base 14) to base 11
-2608
Convert 214250 (base 8) to base 3.
10122120001
-32633 (base 7) to base 14
-2dc3
-103231 (base 5) to base 10
-3566
What is 46a (base 11) in base 16?
230
2885a (base 11) to base 5
2302323
Convert -13c (base 13) to base 11.
-190
What is -bd6 (base 14) in base 3?
-10012211
776 (base 11) to base 2
1110100010
-3016 (base 7) to base 12
-72a
3a (base 15) to base 14
3d
What is 20402 (base 8) in base 15?
2785
Convert 11143 (base 16) to base 14.
1b6cb
-1120201 (base 3) to base 8
-2201
What is 857 (base 14) in base 4?
121231
What is 14be (base 15) in base 6?
32342
What is 36857 (base 9) in base 6?
310341
What is -27a7 (base 15) in base 2?
-10000100100010
What is 20001101 (base 3) in base 15?
1491
Convert 10110100 (base 2) to base 11.
154
Convert -30896 (base 12) to base 4.
-33133302
What is 13aa (base 13) in base 6?
21100
Convert -13033 (base 4) to base 15.
-20d
What is -2340 (base 13) in base 8?
-11531
Convert -30132 (base 4) to base 14.
-410
-2340 (base 5) to base 10
-345
296 (base 15) to base 2
1001001111
Convert -22331001 (base 4) to base 2.
-1010111101000001
Convert 5087 (base 11) to base 5.
204000
Convert 252c (base 13) to base 15.
186c
-1442 (base 6) to base 11
-321
Convert -3a31 (base 14) to base 4.
-2133323
Convert 1201021 (base 4) to base 7.
24061
13d (base 16) to base 11
269
What is -51112 (base 7) in base 4?
-3001312
Convert -120 (base 10) to base 16.
-78
-4cc (base 14) to base 3
-1022201
Convert -3949 (base 10) to base 9.
-5367
-3cb1 (base 13) to base 4
-2020323
Convert -10450 (base 6) to base 3.
-2000110
What is 5a1 (base 15) in base 14?
672
20511 (base 6) to base 5
42104
-92a3 (base 12) to base 9
-23806
Convert 6220 (base 8) to base 13.
1605
-201102 (base 3) to base 9
-642
Convert 31103 (base 6) to base 8.
10057
-44141 (base 6) to base 7
-23545
-2a002 (base 13) to base 9
-130442
Convert 43331 (base 6) to base 2.
1011101000111
a76 (base 11) to base 16
50d
Convert 24cb (base 13) to base 8.
12165
What is -5793 (base 14) in base 3?
-202212202
Convert 1506 (base 7) to base 2.
1001010010
-101001 (base 4) to base 8
-2101
-432 (base 12) to base 4
-21212
2101010101 (base 3) to base 9
71111
What is -102420 (base 5) in base 15?
-1075
-13057 (base 9) to base 5
-240200
Convert 2226 (base 8) to base 12.
81a
Convert 552025 (base 6) to base 9.
68748
Convert -24951 (base 10) to base 11.
-17823
Convert 200403 (base 5) to base 7.
24344
What is 22a8 (base 11) in base 5?
44042
What is -9b0 (base 15) in base 4?
-202032
-217645 (base 8) to base 11
-50363
-102100102 (base 3) to base 10
-8273
-46123 (base 7) to base 2
-10110111010000
1442342 (base 6) to base 7
465320
51255 (base 7) to base 10
12486
-111111101110110 (base 2) to base 5
-2021010
Convert -4678 (base 13) to base 3.
-111120201
-1010112212 (base 3) to base 13
-a1a2
What is -b35 (base 13) in base 11?
-1480
Convert 2076 (base 9) to base 3.
2002120
Convert 193 (base 10) to base 11.
166
Convert -4ea (base 16) to base 6.
-5454
What is 21207 (base 10) in base 13?
9864
Convert 18900 (base 14) to base 3.
10011020012
What is -356 (base 10) in base 2?
-101100100
Convert 3002 (base 4) to base 2.
11000010
2123122 (base 4) to base 16
26da
Convert -517 (base 10) to base 13.
-30a
2276 (base 11) to base 16
bab
326 (base 8) to base 10
214
Convert 868 (base 14) to base 10.
1660
What is -50553 (base 8) in base 12?
-1008b
What is -7130 (base 9) in base 8?
-12133
Convert -1001001111101100 (base 2) to base 4.
-21033230
Convert 10332232 (base 4) to base 8.
47656
37638 (base 11) to base 12
27307
-92c6 (base 15) to base 13
-11166
What is 111001001 (base 2) in base 6?
2041
-102143 (base 5) to base 2
-110101011111
Convert 433550 (base 7) to base 9.
124805
Convert -2bac (base 16) to base 4.
-2232230
-202121 (base 3) to base 11
-466
40844 (base 11) to base 7
335463
Convert -34f (base 16) to base 11.
-700
Convert -31431 (base 5) to base 16.
-844
Convert -2626 (base 12) to base 15.
-1450
What is 3100 (base 6) in base 13?
408
1100111 (base 3) to base 14
505
What is 245045 (base 6) in base 15?
6715
Convert -1001101010101100 (base 2) to base 14.
-10604
What is 186 (base 12) in base 13?
15c
-266c (base 16) to base 14
-3828
Convert -11424 (base 5) to base 14.
-45a
-6635 (base 15) to base 5
-1143100
What is -11eb (base 16) in base 9?
-6256
Convert 10002210 (base 3) to base 5.
33022
-4a9 (base 11) to base 3
-211100
Convert -3011 (base 5) to base 4.
-11331
78 (base 13) to base 9
120
What is 4336 (base 10) in base 8?
10360
Convert -21a7 (base 12) to base 2.
-111010001111
What is 1ab (base 16) in base 2?
110101011
What is cb0 (base 15) in base 8?
5461
What is 11629 (base 11) in base 7?
66526
What is -14170 (base 11) in base 8?
-47303
Convert -33 (base 13) to base 4.
-222
40d (base 16) to base 14
541
What is b93 (base 12) in base 4?
122133
Convert 1000 (base 7) to base 9.
421
Convert -4410 (base 10) to base 12.
-2676
2200400 (base 5) to base 6
450024
Convert -104110 (base 5) to base 6.
-24531
What is 4a03 (base 11) in base 12?
3949
-10111 (base 5) to base 12
-468
What is -17 (base 10) in base 16?
-11
Convert -324041 (base 5) to base 4.
-2232022
What is -394a (base 12) in base 16?
-198a
What is 26880 (base 9) in base 15?
55e6
991 (base 12) to base 2
10101111101
2012321 (base 5) to base 4
13313103
23401 (base 5) to base 4
122332
Convert -3102 (base 6) to base 12.
-492
Convert -411 (base 14) to base 8.
-1437
Convert 2cd1 (base 14) to base 12.
4787
Convert 30a (base 12) to base 15.
1e7
What is -94dc (base 14) in base 4?
-12101022
Convert 565 (base 15) to base 13.
72b
Convert 22002 (base 4) to base 5.
10032
What is a66 (base 12) in base 16?
5ee
Convert -7721 (base 8) to base 2.
-111111010001
-313430 (base 5) to base 6
-120322
-16775 (base 10) to base 12
-985b
Convert -a635 (base 12) to base 8.
-43411
Convert -6062 (base 10) to base 7.
-23450
31522 (base 10) to base 15
9517
What is 655 (base 9